{"id":2634,"date":"2026-02-27T20:22:10","date_gmt":"2026-02-27T20:22:10","guid":{"rendered":"https:\/\/www.aleksandar-gacic.com\/?page_id=2634"},"modified":"2026-02-27T20:22:59","modified_gmt":"2026-02-27T20:22:59","slug":"agb","status":"publish","type":"page","link":"https:\/\/www.aleksandar-gacic.com\/index.php\/agb\/","title":{"rendered":"Allgemeine Gesch\u00e4ftsbedingungen"},"content":{"rendered":"\n<div class=\"wp-block-stackable-heading stk-block-heading stk-block-heading--v2 stk-block stk-bb26917\" id=\"allgemeine-geschaftsbedingungen-hochzeitsfotograf-hof-oberfranken-amp-vogtland-aleksandar-gacic\" data-block-id=\"bb26917\"><style>.stk-bb26917 .stk-block-heading__text{font-size:var(--stk--preset--font-size--large, 30px) !important;}@media screen and (max-width:999px){.stk-bb26917 .stk-block-heading__text{font-size:var(--stk--preset--font-size--large, 30px) !important;}}<\/style><h1 class=\"stk-block-heading__text\">Allgemeine Gesch\u00e4ftsbedingungen \u2013 Hochzeitsfotograf Hof, Oberfranken &amp; Vogtland | Aleksandar Ga\u010di\u0107<\/h1><\/div>\n\n\n\n<div class=\"wp-block-stackable-heading stk-block-heading stk-block-heading--v2 stk-block stk-acea336\" id=\"1-geltungsbereich\" data-block-id=\"acea336\"><style>.stk-acea336 .stk-block-heading__text{font-size:var(--stk--preset--font-size--medium, 20px) !important;}@media screen and (max-width:999px){.stk-acea336 .stk-block-heading__text{font-size:var(--stk--preset--font-size--medium, 20px) !important;}}<\/style><h2 class=\"stk-block-heading__text\">1. GELTUNGSBEREICH<\/h2><\/div>\n\n\n\n<p>1.1. F\u00fcr alle Gesch\u00e4ftsbeziehungen zwischen den Parteien gelten ausschlie\u00dflich die nachfolgenden AGB. Entgegenstehende Gesch\u00e4ftsbedingungen des jeweiligen Kunden, im Folgenden: Auftraggeber, gelten nicht, es sei denn der Fotograf (Aleksander Ga\u010di\u0107), im Folgenden: Auftragnehmer, hat deren Geltung ausdr\u00fccklich zugestimmt.<\/p>\n\n\n\n<p>1.2. \u201eFotos\u201c im Sinne dieser AGB sind alle von dem Auftragnehmer hergestellten digitalen Produkte, egal in welcher technischen Form oder in welchem Medium sie erstellt wurden oder vorliegen. Eingeschlossen sind insbesondere Negative, gedruckte oder belichtete Papierbilder, gedruckte oder belichtete Bilder in Fotob\u00fcchern und Hochzeitsalben, digitale Bilder in Online Galerien oder auf sonstigen Datentr\u00e4gern gespeicherte Bilder und Videos.<\/p>\n\n\n\n<div class=\"wp-block-stackable-heading stk-block-heading stk-block-heading--v2 stk-block stk-c3e0451\" id=\"2-vertragsschluss\" data-block-id=\"c3e0451\"><style>.stk-c3e0451 .stk-block-heading__text{font-size:var(--stk--preset--font-size--medium, 20px) !important;}@media screen and (max-width:999px){.stk-c3e0451 .stk-block-heading__text{font-size:var(--stk--preset--font-size--medium, 20px) !important;}}<\/style><h2 class=\"stk-block-heading__text\">2. VERTRAGSSCHLUSS<\/h2><\/div>\n\n\n\n<p>2.1. Der Vertragsschluss zwischen den Parteien kommt nach der folgenden Ma\u00dfgabe zustande:<br>2.2. Der Auftraggeber hat die M\u00f6glichkeit, die Anfertigung von Fotos durch den Auftragnehmer telefonisch oder per E-Mail \u00fcber die im Impressum der Internetseite des Auftragnehmers oder \u00fcber das entsprechende Kontaktformular anzufragen. Mit einer Anfrage gibt der Auftraggeber noch kein verbindliches Angebot zum Vertragsschluss ab.<\/p>\n\n\n\n<p><br>2.3. Auf Anfrage des Auftraggebers gibt der Auftragnehmer telefonisch oder per E-Mail ein Angebot \u00fcber die Beauftragung der Anfertigung der Fotos ab. Dieses Angebot des Auftragnehmers ist rechtsverbindlich. Vorbehaltlich einer Annahme des Angebots durch den Auftraggeber hat das Angebot eine G\u00fcltigkeitsdauer von vierzehn Werktagen. Nach Ablauf dieser Frist erlischt das Angebot.<br><\/p>\n\n\n\n<p>2.4. Der Auftraggeber hat die M\u00f6glichkeit, das Angebot innerhalb der vorbezeichneten Frist von vierzehn Werktagen anzunehmen. Die Annahme erfolgt telefonisch, schriftlich oder per E-Mail. Mit der Annahme des Angebots durch den Auftraggeber kommt zwischen den Parteien ein verbindliches Vertragsverh\u00e4ltnis \u00fcber die Anfertigung der Fotos zustande.<\/p>\n\n\n\n<p><br>2.5. Nimmt der Auftraggeber das Angebot nach Ablauf der Frist aus 2.3 an, handelt es sich dabei um ein erneutes Angebot, welches der Auftragnehmer durch ausdr\u00fcckliche Erkl\u00e4rung annehmen kann. Einer Annahmeerkl\u00e4rung steht gleich, wenn der Auftragnehmer eine Auftragsbest\u00e4tigung oder eine Vorschussrechnung \u00fcbersendet.<\/p>\n\n\n\n<div class=\"wp-block-stackable-heading stk-block-heading stk-block-heading--v2 stk-block stk-36beeb5\" id=\"3-pflichten-des-auftraggebers\" data-block-id=\"36beeb5\"><style>.stk-36beeb5 .stk-block-heading__text{font-size:var(--stk--preset--font-size--medium, 20px) !important;}@media screen and (max-width:999px){.stk-36beeb5 .stk-block-heading__text{font-size:var(--stk--preset--font-size--medium, 20px) !important;}}<\/style><h2 class=\"stk-block-heading__text\">3. PFLICHTEN DES AUFTRAGGEBERS<\/h2><\/div>\n\n\n\n<p>3.1. Der Auftraggeber hat daf\u00fcr Sorge zu tragen, dass dem Fotograf alle f\u00fcr die Ausf\u00fchrung des Auftrags erforderlichen Informationen rechtzeitig vorliegen (Wegbeschreibungen, Sonderw\u00fcnsche,etc.).<\/p>\n\n\n\n<p>3.2. Der Auftraggeber stellt sicher, dass an den jeweiligen Standorten das Fotografieren erlaubt ist. Durch Fotografierverbote gegebenenfalls entstehende Wartezeiten des Auftragnehmers z\u00e4hlen als Arbeitszeit.<\/p>\n\n\n\n<p>3.3. Der Auftraggeber wird darauf hingewiesen, dass Fotos stets dem k\u00fcnstlerischen Gestaltungsspielraum des aus\u00fcbenden Fotografen unterliegen. Reklamationen und\/oder M\u00e4ngelr\u00fcgen hinsichtlich des seitens des Auftragnehmers ausge\u00fcbten k\u00fcnstlerischen Gestaltungsspielraums, des Aufnahmeortes und der verwendeten optischen und technischen Mittel der Fotografie sind daher ausgeschlossen. Nachtr\u00e4gliche \u00c4nderungsw\u00fcnsche des Auftraggebers bed\u00fcrfen einer gesonderten Vereinbarung und Beauftragung und sind gesondert zu verg\u00fcten.<\/p>\n\n\n\n<p>3.4. Der Auftraggeber tr\u00e4gt das Risiko f\u00fcr alle Umst\u00e4nde, die von dem Fotografen nicht zu vertreten sind; u. a. Witterungszulagen bei Au\u00dfenaufnahmen, rechtzeitiges Bereitstellen von Produkten, Pr\u00e4senz der Requisiten, soweit die Beschaffung dem Auftraggeber obliegt, Reisesperren, Nichterscheinen von angek\u00fcndigten Bevollm\u00e4chtigten der Auftraggeber sowie h\u00f6here Gewalt.<\/p>\n\n\n\n<div class=\"wp-block-stackable-heading stk-block-heading stk-block-heading--v2 stk-block stk-8b3b948\" id=\"4-pflichten-des-auftragnehmers\" data-block-id=\"8b3b948\"><style>.stk-8b3b948 .stk-block-heading__text{font-size:var(--stk--preset--font-size--medium, 20px) !important;}@media screen and (max-width:999px){.stk-8b3b948 .stk-block-heading__text{font-size:var(--stk--preset--font-size--medium, 20px) !important;}}<\/style><h2 class=\"stk-block-heading__text\">4. PFLICHTEN DES AUFTRAGNEHMERS<\/h2><\/div>\n\n\n\n<p>4.1. Der Auftragnehmer schuldet die angebotenen Leistungen pers\u00f6nlich. Subunternehmer werden nicht besch\u00e4ftigt. Der Auftragnehmer wird als Einzelfotograf ohne Mitarbeiter t\u00e4tig.<\/p>\n\n\n\n<p>4.2. Der Auftragnehmer fotografiert im Rahmen der Hochzeitsveranstaltung\/Veranstaltung des Auftraggebers im vertraglich vereinbarten Umfang. Der Auftraggeber kann an diesem Tag weitere Stunden in Auftrag geben.<\/p>\n\n\n\n<p>4.3. Der Auftragnehmer schuldet die Anfertigung der Fotos in einem g\u00e4ngigen Dateiformat (z.B. jpeg). Der Auftraggeber hat keinen Anspruch auf Herausgabe von Dateien im RAW Format.<\/p>\n\n\n\n<p>4.4. Der Auftragnehmer \u00fcbergibt dem Auftraggeber binnen vier Wochen nach dem Fototermin die Fotos. F\u00fcr besonders aufw\u00e4ndige Zusatzprodukte (z.B. Hochzeitsalben) wird ein gesonderter \u00dcbergabetermin nach individuellem Aufwand vereinbart.<\/p>\n\n\n\n<div class=\"wp-block-stackable-heading stk-block-heading stk-block-heading--v2 stk-block stk-f06e6b2\" id=\"5-vergutung-und-auslagen\" data-block-id=\"f06e6b2\"><style>.stk-f06e6b2 .stk-block-heading__text{font-size:var(--stk--preset--font-size--medium, 20px) !important;}@media screen and (max-width:999px){.stk-f06e6b2 .stk-block-heading__text{font-size:var(--stk--preset--font-size--medium, 20px) !important;}}<\/style><h2 class=\"stk-block-heading__text\">5. VERG\u00dcTUNG UND AUSLAGEN<\/h2><\/div>\n\n\n\n<p>5.1. \u00dcberschreitet die tats\u00e4chliche Arbeitszeit den vereinbarten Abrechnungszeitraum wird der zus\u00e4tzliche Zeitaufwand je halbe angefangene Stunde abgerechnet.<\/p>\n\n\n\n<p>5.2. Bei Vertragsschluss wird eine erste Zahlung in H\u00f6he von ca. 50% des Gesamtpreises berechnet, die innerhalb von 14 Tagen vom Zeitpunkt des Vertragsschlusses f\u00e4llig wird. Insoweit ist der Auftraggeber zur Vorauszahlung verpflichtet. Ma\u00dfgeblich f\u00fcr die fristgerechte Zahlung ist der Eingang des Betrags auf dem Konto des Auftragnehmers.<\/p>\n\n\n\n<p>5.3. Geht diese Zahlung nicht fristgerecht ein, wird der Auftragnehmer die Zahlung unter angemessener Fristsetzung anmahnen. Verstreicht auch diese Frist, ist der Auftragnehmer zur Verweigerung der vertraglich geschuldeten Leistungen berechtigt. Gesetzliche R\u00fccktrittsrechte, bzw. die Geltendmachung von Schadensersatzanspr\u00fcchen bleiben hiervon unber\u00fchrt.<\/p>\n\n\n\n<p>5.4. Die Zahlung der verbleibenden Verg\u00fctung erfolgt zum Fototermin.<\/p>\n\n\n\n<p>5.5. An- und Abreisen des Auftragnehmers erfolgt jeweils von Markneukirchen (08258) aus. Die Anfahrt im Umkreis von 50 km von Haar wird, soweit vertraglich nicht anders vereinbart, nicht berechnet. \u00dcbersteigt die An- und Abreise den zuvor vereinbarten Umfang werden \u00fcber vorstehende Differenz hinaus folgende Reisekosten berechnet: je gefahrenem km 0,50 EUR. Bei Anreise mit der Bahn oder dem Flugzeug sowie bei erforderlicher \u00dcbernachtung werden die tats\u00e4chlich entstehenden Kosten und Spesen f\u00fcr die \u00dcbernachtung in Rechnung gestellt.<\/p>\n\n\n\n<p>5.6. Sofern vereinbart, wird vom Auftraggeber ein Einzelzimmer in der N\u00e4he des Hochzeitsortes zur Verf\u00fcgung gestellt. Zur Sicherstellung einer p\u00fcnktlichen Anwesenheit bei Hochzeitsterminen sind in der Regel zwei \u00dcbernachtungen erforderlich.<\/p>\n\n\n\n<p>5.7. Durch den Auftrag anfallende sonstige Kosten wie Materialkosten, Parkgeb\u00fchren, Porto und Verpackung sind nicht im Honorar enthalten und gehen zu Lasten des Auftraggebers. Essen und Getr\u00e4nke w\u00e4hrend der Reportage werden dem Auftraggeber unentgeltlich in angemessenem Umfang zur Verf\u00fcgung gestellt.<\/p>\n\n\n\n<div class=\"wp-block-stackable-heading stk-block-heading stk-block-heading--v2 stk-block stk-8c5fc96\" id=\"6-auftragsanderungen-erweiterungen-und-kundigung\" data-block-id=\"8c5fc96\"><style>.stk-8c5fc96 .stk-block-heading__text{font-size:var(--stk--preset--font-size--medium, 20px) !important;}@media screen and (max-width:999px){.stk-8c5fc96 .stk-block-heading__text{font-size:var(--stk--preset--font-size--medium, 20px) !important;}}<\/style><h2 class=\"stk-block-heading__text\">6. AUFTRAGS\u00c4NDERUNGEN, \u2013ERWEITERUNGEN UND -K\u00dcNDIGUNG<\/h2><\/div>\n\n\n\n<p>6.1. Im Falle einer K\u00fcndigung aufgrund der Aus\u00fcbung gesetzlicher K\u00fcndigungsrechte durch eine der Parteien gelten die nachfolgenden Bestimmungen.<\/p>\n\n\n\n<p>6.2. Der Auftragnehmer ist berechtigt, im Falle einer K\u00fcndigung durch den Auftraggeber gegen diesen einen Schadensersatzanspruch in H\u00f6he der unter Ziffer 5.2 dieser Vereinbarung bezifferten Anteile an der vereinbarten Verg\u00fctung geltend zu machen, es sei denn, der Auftraggeber weist nach, dass dem Auftragnehmer ein geringerer Schaden, oder gar kein Schaden entstanden ist oder dieser die K\u00fcndigung zu vertreten hat.<\/p>\n\n\n\n<p>6.3. Im Falle einer K\u00fcndigung werden bereits erbrachte Leistungen wie folgt berechnet: Vorgespr\u00e4ch(e): 50,- Euro, Kennenlernshooting: 200,- Euro<\/p>\n\n\n\n<p>6.4. K\u00fcndigt der Auftraggeber 3 Monate oder weniger vor Veranstaltungsdatum, wird die Anzahlung (100%) einbehalten.<\/p>\n\n\n\n<p>6.5. Kann der Auftragnehmer wegen Krankheit oder eines Umstandes, den dieser zu verschulden hat den Auftrag nicht durchf\u00fchren, wird dem Auftraggeber die Anzahlung erstattet. Der Auftragnehmer verpflichtet sich gegen\u00fcber dem Auftraggeber, bei der Suche eines geeigneten Ersatzes behilflich zu sein.<\/p>\n\n\n\n<p>6.6. Das Recht des Verbrauchers zum Widerruf bleibt hiervon unber\u00fchrt.<\/p>\n\n\n\n<div class=\"wp-block-stackable-heading stk-block-heading stk-block-heading--v2 stk-block stk-5ae1560\" id=\"7-eigentumsvorbehalt-nutzungs-und-urheberrechte\" data-block-id=\"5ae1560\"><style>.stk-5ae1560 .stk-block-heading__text{font-size:var(--stk--preset--font-size--medium, 20px) !important;}@media screen and (max-width:999px){.stk-5ae1560 .stk-block-heading__text{font-size:var(--stk--preset--font-size--medium, 20px) !important;}}<\/style><h2 class=\"stk-block-heading__text\">7. EIGENTUMSVORBEHALT, NUTZUNGS- UND URHEBERRECHTE <\/h2><\/div>\n\n\n\n<p>7.1. Bis zur vollst\u00e4ndigen Bezahlung der vereinbarten Verg\u00fctung verbleiben die Fotos im Eigentum des Auftragnehmers.<\/p>\n\n\n\n<p>7.2. Der Auftraggeber erwirbt an den Fotos einfache Nutzungsrechte f\u00fcr den Privatgebrauch. Das Recht der Vervielf\u00e4ltigung und der Weitergabe an Dritte wird f\u00fcr private Zwecke einger\u00e4umt. Die Nutzungsrechte gehen erst nach vollst\u00e4ndiger Bezahlung der Verg\u00fctung \u00fcber.<\/p>\n\n\n\n<p>7.3. Der Auftragnehmer trifft die Auswahl der Fotos. Der Auftraggeber hat keinen Anspruch alle Fotos zu erhalten.<\/p>\n\n\n\n<p>7.4. Der Auftragnehmer darf die Fotos im Rahmen der Eigenwerbung und publizistisch zur Illustration verwenden (z.B. f\u00fcr Ausstellungen, Messen, Homepage, Blog, Fachmagazine f\u00fcr Fotografie oder Hochzeiten etc.).<\/p>\n\n\n\n<p>7.5. Der Auftraggeber darf der Verwendung der Fotos durch den Auftragnehmer im Rahmen der Eigenwerbung widersprechen. Der Auftraggeber verpflichtet sich dadurch von der Nutzung im Rahmen der Eigenwerbung abzusehen.<\/p>\n\n\n\n<p>7.6. Andere Dienstleister wie z.B. Visagisten, Dekorateure, Hochzeitsplaner, etc. d\u00fcrfen Fotos nur nach Freigabe durch den Auftraggeber verwenden.<\/p>\n\n\n\n<div class=\"wp-block-stackable-heading stk-block-heading stk-block-heading--v2 stk-block stk-731632d\" id=\"8-haftung\" data-block-id=\"731632d\"><style>.stk-731632d .stk-block-heading__text{font-size:var(--stk--preset--font-size--medium, 20px) !important;}@media screen and (max-width:999px){.stk-731632d .stk-block-heading__text{font-size:var(--stk--preset--font-size--medium, 20px) !important;}}<\/style><h2 class=\"stk-block-heading__text\">8. HAFTUNG<\/h2><\/div>\n\n\n\n<p>8.1. Der Auftragnehmer haftet in allen F\u00e4llen vertraglicher und au\u00dfervertraglicher Haftung bei Vorsatz und grober Fahrl\u00e4ssigkeit nach Ma\u00dfgabe der gesetzlichen Bestimmungen.<\/p>\n\n\n\n<p>8.2. In sonstigen F\u00e4llen haftet der Auftragnehmer \u2013 soweit in Ziffer 8.3 dieser AGB nicht abweichend geregelt \u2013 nur bei Verletzung einer Vertragspflicht, deren Erf\u00fcllung die ordnungsgem\u00e4\u00dfe Durchf\u00fchrung des Vertrags \u00fcberhaupt erst erm\u00f6glicht und auf deren Einhaltung der Kunde daher regelm\u00e4\u00dfig vertrauen darf (sogenannte Kardinalpflicht). In allen \u00fcbrigen F\u00e4llen ist die Haftung des Auftragnehmers vorbehaltlich der Regelung in Ziffer 8.3 dieser AGB ausgeschlossen.<\/p>\n\n\n\n<p>8.3. Soweit der Auftragnehmer gem\u00e4\u00df Ziffer 8.1 dieser AGB dem Grunde nach haftet, ist diese Haftung auf Sch\u00e4den begrenzt, die dieser bei Vertragsschluss als m\u00f6gliche Folge einer Vertragsverletzung vorausgesehen hat oder bei Anwendung verkehrs\u00fcblicher Sorgfalt h\u00e4tte voraussehen m\u00fcssen. Mittelbare Sch\u00e4den und Folgesch\u00e4den, die Folge von M\u00e4ngeln des Leistungsgegenstands sind, sind au\u00dferdem nur ersatzf\u00e4hig, soweit solche Sch\u00e4den bei bestimmungsgem\u00e4\u00dfer Verwendung des Leistungsgegenstands typischerweise zu erwarten sind.<\/p>\n\n\n\n<p>8.4. Die Haftung des Auftragnehmers f\u00fcr Sch\u00e4den aus der Verletzung des Lebens, des K\u00f6rpers oder der Gesundheit und nach dem Produkthaftungsgesetz bleibt von vorstehenden Ziffern<\/p>\n\n\n\n<p>8.1 bis 8.3 dieser AGB ausgeschlossen.<\/p>\n\n\n\n<p>8.5. Die verschuldensunabh\u00e4ngige Haftung auf Schadensersatz f\u00fcr anf\u00e4ngliche M\u00e4ngel gem\u00e4\u00df<\/p>\n\n\n\n<p>\u00a7 536a Abs. 1 BGB ist ausgeschlossen.<\/p>\n\n\n\n<div class=\"wp-block-stackable-heading stk-block-heading stk-block-heading--v2 stk-block stk-77d520a\" id=\"9-aufrechnung-zuruckbehaltungsrechte-und-abtretung\" data-block-id=\"77d520a\"><style>.stk-77d520a .stk-block-heading__text{font-size:var(--stk--preset--font-size--medium, 20px) !important;}@media screen and (max-width:999px){.stk-77d520a .stk-block-heading__text{font-size:var(--stk--preset--font-size--medium, 20px) !important;}}<\/style><h2 class=\"stk-block-heading__text\">9. AUFRECHNUNG, ZUR\u00dcCKBEHALTUNGSRECHTE UND ABTRETUNG<\/h2><\/div>\n\n\n\n<p>9.1. Der Auftraggeber ist zur Aufrechnung nur gegen rechtskr\u00e4ftig festgestellte oder unbestrittene Forderungen gegen den Auftragnehmer berechtigt. Gleiches gilt f\u00fcr die Geltendmachung von Zur\u00fcckbehaltungsrechten.<\/p>\n\n\n\n<p>9.2. Die Abtretung von Anspr\u00fcchen gegen den Auftragnehmer an Dritte ist nur mit dessen schriftlicher Zustimmung m\u00f6glich.<\/p>\n\n\n\n<div class=\"wp-block-stackable-heading stk-block-heading stk-block-heading--v2 stk-block stk-b953d98\" id=\"10-datenschutzrechtliche-informationspflichten-des-auftraggebers\" data-block-id=\"b953d98\"><style>.stk-b953d98 .stk-block-heading__text{font-size:var(--stk--preset--font-size--medium, 20px) !important;}@media screen and (max-width:999px){.stk-b953d98 .stk-block-heading__text{font-size:var(--stk--preset--font-size--medium, 20px) !important;}}<\/style><h2 class=\"stk-block-heading__text\">10. DATENSCHUTZRECHTLICHE INFORMATIONSPFLICHTEN DES AUFTRAGGEBERS<\/h2><\/div>\n\n\n\n<p>10.1. Der Auftragnehmer \u00fcbernimmt alle \u00fcblichen und zumutbaren Anstrengungen bez\u00fcglich Sicherheit, insbesondere hinsichtlich der Vertraulichkeit vom Auftraggeber- und Zahlungsdaten. Eine weitergehende Gew\u00e4hrleistung \u2013 insbesondere Schadenersatzanspr\u00fcche betreffend \u2013 wird durch den Fotografen nicht erbracht.<\/p>\n\n\n\n<p>10.2. Das Kriterium f\u00fcr die Dauer der Speicherung von personenbezogenen Daten ist die jeweilige gesetzlich vorgeschriebene Aufbewahrungsfrist. Nach Ablauf der Frist werden die entsprechenden Daten routinem\u00e4\u00dfig gel\u00f6scht, sofern sie nicht mehr zur Vertragserf\u00fcllung oder Vertragsanbahnung erforderlich sind.<\/p>\n\n\n\n<p>10.3. Der Auftraggeber hat das Recht, aus Gr\u00fcnden, die sich aus seiner besonderen Situation ergeben, jederzeit gegen die Verarbeitung von betreffender personenbezogener Daten, die aufgrund von Art. 6 Abs. 1 Buchstaben e oder f DS-GVO erfolgt, Widerspruch einzulegen. Dies gilt auch f\u00fcr ein auf diese Bestimmungen gest\u00fctztes Profiling. Werden personenbezogene Daten verarbeitet, um Direktwerbung zu betreiben, so hat die betroffene Person das Recht, jederzeit Widerspruch gegen die Verarbeitung sie betreffender personenbezogener Daten zum Zwecke derartiger Werbung einzulegen.<\/p>\n\n\n\n<p>10.4. Der Auftraggeber verpflichtet sich gegen\u00fcber dem Auftragnehmer, diese Informationen allen weiteren Dritten zug\u00e4nglich zu machen, sofern diese mit der Leistung des Auftraggebers in Ber\u00fchrung kommen.<\/p>\n\n\n\n<p>10.5. Der Auftragnehmer wird dazu gegebenenfalls auftretende R\u00fcckfragen beantworten.<\/p>\n\n\n\n<div class=\"wp-block-stackable-heading stk-block-heading stk-block-heading--v2 stk-block stk-179f3b8\" id=\"11-textform\" data-block-id=\"179f3b8\"><style>.stk-179f3b8 .stk-block-heading__text{font-size:var(--stk--preset--font-size--medium, 20px) !important;}@media screen and (max-width:999px){.stk-179f3b8 .stk-block-heading__text{font-size:var(--stk--preset--font-size--medium, 20px) !important;}}<\/style><h2 class=\"stk-block-heading__text\">11. TEXTFORM<\/h2><\/div>\n\n\n\n<p>11.1. Erg\u00e4nzungen und Ab\u00e4nderungen der getroffenen Vereinbarungen zwischen den Parteien einschlie\u00dflich dieser AGB bed\u00fcrfen zu ihrer Wirksamkeit der Textform. Der Vorrang von Individualvereinbarungen bleibt hiervon unber\u00fchrt.<\/p>\n\n\n\n<div class=\"wp-block-stackable-heading stk-block-heading stk-block-heading--v2 stk-block stk-6f2b3a9\" id=\"12-anzuwendendes-recht\" data-block-id=\"6f2b3a9\"><style>.stk-6f2b3a9 .stk-block-heading__text{font-size:var(--stk--preset--font-size--medium, 20px) !important;}@media screen and (max-width:999px){.stk-6f2b3a9 .stk-block-heading__text{font-size:var(--stk--preset--font-size--medium, 20px) !important;}}<\/style><h2 class=\"stk-block-heading__text\">12. ANZUWENDENDES RECHT<\/h2><\/div>\n\n\n\n<p>12.1. Es gilt deutsches Recht. Bei Verbrauchern gilt diese Rechtswahl nur, soweit hierdurch der durch zwingende Bestimmungen des Rechts des Staates des gew\u00f6hnlichen Aufenthaltes des Verbrauchers gew\u00e4hrte Schutz nicht entzogen wird (G\u00fcnstigkeitsprinzip).<\/p>\n\n\n\n<p>12.2. Erf\u00fcllungsort f\u00fcr alle Leistungen aus den zwischen den Parteien bestehenden Gesch\u00e4ftsbeziehungen ist Markneukirchen, Vogtlandkreis, Sachsen, Deutschland. Der Gerichtsstand ist Markneukirchen, Vogtlandkreis, Sachsen, Deutschland, soweit der Auftraggeber nicht Verbraucher ist. Dasselbe gilt, wenn der Auftraggeber keinen allgemeinen Gerichtsstand in Deutschland oder der EU hat oder der Wohnsitz oder gew\u00f6hnliche Aufenthalt im Zeitpunkt der Klageerhebung nicht bekannt ist. Die Befugnis, auch das Gericht an einem anderen gesetzlichen Gerichtsstand anzurufen, bleibt hiervon unber\u00fchrt.<\/p>\n\n\n\n<p>12.3. Die Bestimmungen des UN-Kaufrechts finden ausdr\u00fccklich keine Anwendung.<\/p>\n\n\n\n<p><\/p>\n","protected":false},"excerpt":{"rendered":"<p>Allgemeine Gesch\u00e4ftsbedingungen \u2013 Hochzeitsfotograf Hof, Oberfranken &amp; Vogtland | Aleksandar Ga\u010di\u0107 1. GELTUNGSBEREICH 1.1. F\u00fcr alle Gesch\u00e4ftsbeziehungen zwischen den Parteien gelten ausschlie\u00dflich die nachfolgenden AGB. Entgegenstehende Gesch\u00e4ftsbedingungen des jeweiligen Kunden, im Folgenden: Auftraggeber, gelten nicht, es sei denn der Fotograf (Aleksander Ga\u010di\u0107), im Folgenden: Auftragnehmer, hat deren Geltung ausdr\u00fccklich zugestimmt. 1.2. \u201eFotos\u201c im Sinne dieser [&hellip;]<\/p>\n","protected":false},"author":1,"featured_media":0,"parent":0,"menu_order":0,"comment_status":"closed","ping_status":"closed","template":"","meta":{"content-type":"","pgc_sgb_lightbox_settings":"","cybocfi_hide_featured_image":"","footnotes":""},"class_list":["post-2634","page","type-page","status-publish","hentry"],"blocksy_meta":{"has_hero_section":"disabled","styles_descriptor":{"styles":{"desktop":"","tablet":"","mobile":""},"google_fonts":[],"version":6}},"_links":{"self":[{"href":"https:\/\/www.aleksandar-gacic.com\/index.php\/wp-json\/wp\/v2\/pages\/2634","targetHints":{"allow":["GET"]}}],"collection":[{"href":"https:\/\/www.aleksandar-gacic.com\/index.php\/wp-json\/wp\/v2\/pages"}],"about":[{"href":"https:\/\/www.aleksandar-gacic.com\/index.php\/wp-json\/wp\/v2\/types\/page"}],"author":[{"embeddable":true,"href":"https:\/\/www.aleksandar-gacic.com\/index.php\/wp-json\/wp\/v2\/users\/1"}],"replies":[{"embeddable":true,"href":"https:\/\/www.aleksandar-gacic.com\/index.php\/wp-json\/wp\/v2\/comments?post=2634"}],"version-history":[{"count":4,"href":"https:\/\/www.aleksandar-gacic.com\/index.php\/wp-json\/wp\/v2\/pages\/2634\/revisions"}],"predecessor-version":[{"id":2638,"href":"https:\/\/www.aleksandar-gacic.com\/index.php\/wp-json\/wp\/v2\/pages\/2634\/revisions\/2638"}],"wp:attachment":[{"href":"https:\/\/www.aleksandar-gacic.com\/index.php\/wp-json\/wp\/v2\/media?parent=2634"}],"curies":[{"name":"wp","href":"https:\/\/api.w.org\/{rel}","templated":true}]}}